e c(-2). List the prime factors of (-3 + -202)*k + p.
7, 29
Let x(j) = 600*j + 133. List the prime factors of x(14).
7, 23, 53
Let o be (-2)/(6/(-3213)) + 3. Suppose -133*d + o = -127*d. What are the prime factors of d?
179
Suppose 3*r - 11*g + 13*g - 591 = 0, 0 = 4*r + 3*g - 789. Let w = -150 + r. List the prime factors of w.
3, 5
What are the prime factors of 20/(-130) + -5 + (-4149540)/(-117)?
35461
Suppose 1400 = 6*q + 3650. Let o = q + 793. List the prime factors of o.
2, 11, 19
Suppose -74 = 12*f - 4238. Let x = f - 233. List the prime factors of x.
2, 3, 19
Suppose -9 = -3*t + 4*p, -2*t + 6 = p - 0. Suppose -2*a - 189 = -t*c, 2*a - 5*a - 246 = 3*c. Let b = 106 + a. What are the prime factors of b?
19
Let w = -2415 + 5178. Let o = -1914 + w. List the prime factors of o.
3, 283
Suppose -22499394 = -326*w - 4324242. What are the prime factors of w?
2, 3, 23, 101
List the prime factors of (-12)/(-3) + 10087 + 6.
23, 439
Suppose 0 = 5*v + 10, 2*k + 5*v - v - 422 = 0. Suppose 2265 = 5*j + k. Suppose -2*g + 0*g + 206 = 2*m, 3*m - j = -4*g. What are the prime factors of g?
101
Suppose 0 = 34*n + 60*n - 16*n - 766506. What are the prime factors of n?
31, 317
Let x be 3 + -2*6 - -4. Let g = 40 + x. Suppose 77 = 2*l + 5*p, l + 0*p = p + g. List the prime factors of l.
2, 3
Let k(s) = -s**2 - 17*s + 32. Suppose 4*r + 3*j + 1 = -1, -3*r - 4*j - 5 = 0. Let l be (4*r)/((-32)/112). List the prime factors of k(l).
2, 37
Let z be 16/2*2/4. Suppose 0 = -z*h, 2*s = 4*s + 4*h - 1534. What are the prime factors of s?
13, 59
Let o(h) = 1376*h**2 + 3*h + 4. Let y = 827 - 828. List the prime factors of o(y).
3, 17
Let x = 58 + -904. Let k = -491 - x. List the prime factors of k.
5, 71
Let b(d) = -258*d - 199. Let q be b(-4). Suppose 0 = h + 5*x - q, 17*x - 1622 = -2*h + 18*x. What are the prime factors of h?
3, 271
Let h(a) = -2*a - 29. Let d be h(-11). Let y be d/(35/(-3180)) + 1. Suppose 4*i + 233 = y. List the prime factors of i.
101
Let o(q) = -22*q**2 - 9*q - 6. Let f(z) = 66*z**2 + 25*z + 17. Suppose -41 - 44 = -5*u. Let n(h) = u*o(h) + 6*f(h). List the prime factors of n(2).
2, 41
Let u(v) = 8*v + 9. Let y be u(-1). Let w be y/4*(11 - 11). Suppose -4*s + 328 = -n - 0*n, w = -5*s - 5*n + 385. List the prime factors of s.
3
Let s = 718 + -259. Let y = 1960 - s. What are the prime factors of y?
19, 79
Let r(z) = z**3 + 102*z**2 + 916*z + 199. What are the prime factors of r(-91)?
2, 3967
Let k(v) = -v**2 - 13*v + 4. Let r be k(-13). Suppose 4*d - 1312 = 2*l, 0 = r*d - 7*d - 4*l + 995. What are the prime factors of d?
7, 47
Let g(o) = 6*o**2 + 6*o + 7. Let p(r) = 2*r + 20. Suppose 3*k + 2*v = -26, -v + 65 = k - 6*k. Let m be p(k). List the prime factors of g(m).
79
Let v(k) = -309*k + 21. Let t(o) = -310*o + 22. Let p(c) = 3*t(c) - 2*v(c). What are the prime factors of p(-2)?
2, 3
Let r = 6194 + -5712. What are the prime factors of r?
2, 241
Suppose -18131 = -18*y + 73543. Suppose y = 19*k + 1483. What are the prime factors of k?
2, 5, 19
Let m(q) = -9*q + 319. Let z be m(35). Suppose -c + z = 0, 5*o - 6942 = -0*c + 2*c. What are the prime factors of o?
2, 5, 139
Suppose -133*f + 162*f - 872813 = 723811. List the prime factors of f.
2, 3, 31, 37
Suppose 3*u + u = -3*j + 6, j + 17 = 5*u. What are the prime factors of u*(2 + 117)*1?
3, 7, 17
Let b = 1747 - 1205. Suppose -k - 247 = g, 5*g + 2*k + b = -702. Let p = -129 - g. List the prime factors of p.
11
Suppose -14*g + 1347 + 1971 = 0. Let n = -139 - -283. Let w = g - n. List the prime factors of w.
3, 31
Let q = -11493 - -21319. What are the prime factors of q?
2, 17
Suppose 3*y - 26 = 61. Suppose y*f - 37*f = -712. What are the prime factors of f?
89
Let y be (-68892)/(-27) + 12*(-6)/(-162). Suppose -19*s + y = -11*s. List the prime factors of s.
11, 29
Let z(d) = 11*d**2 + 17*d - 17 - 2*d**2 + 4*d**2 - 4. List the prime factors of z(-8).
3, 5
Let l(u) = 6 + 3823*u + 3*u**2 - 7639*u + 3812*u. Let x(g) = -g**3 + 5*g**2 - 2*g - 3. Let s be x(4). List the prime factors of l(s).
61
Let x be -9*4/84 + (-34)/(-14). Suppose 1275 = 2*i - v, 955 = 3*i + x*v - 940. What are the prime factors of i?
5, 127
Suppose 2*k = -263 - 231. Let q = 391 + k. What are the prime factors of q?
2, 3
Let h(v) = 870*v + 1142. What are the prime factors of h(22)?
2, 10141
Let g = 126 + 44. Suppose -5*x + 645 = g. Suppose -4*y + x = -21. What are the prime factors of y?
29
Let s = -39 - -53. Let c(j) = -11*j + 22*j**2 - j**3 - 2 + 2*j**3 - 3 - s*j**2. What are the prime factors of c(-8)?
83
Suppose 5*a = x - 9, 6*a - 2*x = 5*a. What are the prime factors of ((-34224)/414)/((a/3)/1)?
2, 31
Let n = -252 - -128. Let w = 349 - n. What are the prime factors of w?
11, 43
Suppose 5*b + 1 = -4*d - 1, -2*b = -3*d - 13. Let h(i) = -16 - b + 2*i - 18*i - 3. What are the prime factors of h(-8)?
107
Let h(b) = -169*b**2 + 16*b + 39. Let x be h(-3). Let w = -750 - x. What are the prime factors of w?
2, 3, 5, 13
Suppose -7*j - 16 = -8*j. Suppose 7232 = j*v - 7008. List the prime factors of v.
2, 5, 89
Suppose -3*w = -s - 2*w, 5*w - 12 = s. Let i(p) = -4*p**2 + 5*p - 1. Let d be i(s). What are the prime factors of 1190/11 - ((-16)/d)/4?
2, 3
Suppose -205*w = -460340 - 1518935. What are the prime factors of w?
5, 1931
Suppose 11022 = 2*j + d, 0 = -j - 42*d + 40*d + 5505. List the prime factors of j.
37, 149
Suppose -5*g + 3*o + 3057 = 0, -3*o - 2445 = -3*g - g. Let b be -2 + (-2)/((-3)/(g/8)). Let s = b - -46. List the prime factors of s.
5, 19
Suppose 2*l + 17*y - 60628 = 21*y, -4*y = 2*l - 60628. List the prime factors of l.
2, 23, 659
Let v be -2 - 120/(-65) - 67/(-13). Suppose 3*n + 5*o = 13, -v*n + 3*n - 3*o + 8 = 0. What are the prime factors of 2*n - 19*(-6 + 5)?
3, 7
Let d(p) = 293*p - 634. List the prime factors of d(20).
2, 3, 13, 67
What are the prime factors of 2217/((-2)/((-154)/33))?
7, 739
Let m(g) = 102*g + 21. Let z be m(12). Let t = -13 + 29. Suppose -z = -t*p + 515. What are the prime factors of p?
2, 5, 11
Suppose 81*l - 82*l + 2 = 0. Suppose 5*u - l*u = -4*m + 471, -4*m + 628 = 4*u. List the prime factors of u.
157
Suppose 227 = -10*u + 10647. Let c = -681 + u. What are the prime factors of c?
19
Let h be (3 - 22/6)*(-33)/2. What are the prime factors of h + -1 + (-12)/(8 + -4)?
7
Suppose 23*v - 59299 - 140338 = 31375. What are the prime factors of v?
2, 3, 31
Suppose x + 5*x - 966 = 0. Let v be (18/14 + -1)/(23/x). Suppose -4*h - 5*a = -696, -2*h = 2*a + v*a - 342. What are the prime factors of h?
179
Let c(y) = 6*y**2 + 18*y + 4. Suppose 30*x = 33*x - 84. Suppose -x + 4 = 4*b. What are the prime factors of c(b)?
2, 7
Let w = -2 + 0. Let q = 347 + -1159. List the prime factors of q/(-21)*w/(2/(-3)).
2, 29
Suppose -m + 86917 = 3*c, 82*m - 4 = 84*m. List the prime factors of c.
7, 4139
Suppose -20831*u + 20844*u + 3120 - 211835 = 0. List the prime factors of u.
5, 13, 19
Suppose -19*l = -0*l. Suppose l = 4*s - 16, 10 + 8 = -j + 2*s. What are the prime factors of 5/j - 99/(-2)?
7
Suppose 169*b + 80203 = 2726743. List the prime factors of b.
2, 3, 5, 29
Let t be 16/(-4)*-1 - 22. Let i be 6/(-4)*96/t. Let n(x) = 8*x + 6. What are the prime factors of n(i)?
2, 5, 7
Let r(n) be the first derivative of -55*n**2 + 140*n + 40. List the prime factors of r(-9).
2, 5, 113
Let j = 402 + -380. Suppose -23*i = -j*i - 1285. What are the prime factors of i?
5, 257
What are the prime factors of -1 + 1 - (-44 - -53 - 9073/1)?
2, 11, 103
Let b be 2/8 - 2171/(-4). Let d be (38115/108 + (-1)/(-12))/(-1). Let y = b + d. List the prime factors of y.
2, 5, 19
Let v(x) = -x**2 - 5*x + 9. Let h be v(-6). Suppose -2*k - 5*z + 1015 = 0, -h*k - 3*z + 4*z = -1548. What are the prime factors of k?
5, 103
Let w(c) = 8717*c + 224. List the prime factors of w(1).
8941
Let g be ((-34243)/(-44))/((-2)/8). Let s be g/(-55) + 3/(-5). Let x = -43 + s. What are the prime factors of x?
13
Let o be (-22 - -1)*(11/(-3) - -4). What are the prime factors of (-1681)/o - (-2)/(-14)?
2, 3, 5
Suppose -3*h = 3*n - 18, -5*h - 5 = 2*n - 35. Suppose -h = 4*m - 6*m. Suppose -3*w + c - 6*c = -19, -12 = m*c. List the prime factors of w.
13
Suppose 0*q + 2*q + 270558 = 4*p, -15*p = 3*q - 1014582. What are the prime factors of p?
11, 13, 43
List the prime factors of 3/(-6)*-3 - (-81470